git of 1618154?
5
What is the units digit of 1324314?
4
What is the units digit of 647145?
5
What is the ten millions digit of 25863644?
2
What is the hundred thousands digit of 14652304?
6
What is the ten thousands digit of 6678294?
7
What is the ten thousands digit of 415988?
1
What is the hundred thousands digit of 6900365?
9
What is the tens digit of 1900715?
1
What is the hundreds digit of 1555918?
9
What is the tens digit of 4528461?
6
What is the thousands digit of 1372975?
2
What is the millions digit of 5169401?
5
What is the thousands digit of 8481783?
1
What is the hundred thousands digit of 1022982?
0
What is the tens digit of 195546?
4
What is the units digit of 84006?
6
What is the hundreds digit of 3617421?
4
What is the ten thousands digit of 1956223?
5
What is the tens digit of 525233?
3
What is the hundreds digit of 787690?
6
What is the thousands digit of 209571?
9
What is the thousands digit of 4545037?
5
What is the hundreds digit of 4142131?
1
What is the units digit of 1285106?
6
What is the tens digit of 1397538?
3
What is the tens digit of 641565?
6
What is the ten millions digit of 34386670?
3
What is the hundred thousands digit of 353841?
3
What is the thousands digit of 7535285?
5
What is the ten thousands digit of 1639540?
3
What is the thousands digit of 5936002?
6
What is the millions digit of 6809823?
6
What is the thousands digit of 1004243?
4
What is the tens digit of 118730?
3
What is the thousands digit of 981435?
1
What is the units digit of 4715510?
0
What is the hundred thousands digit of 1283451?
2
What is the hundreds digit of 451322?
3
What is the thousands digit of 11982841?
2
What is the tens digit of 43434?
3
What is the units digit of 1902558?
8
What is the units digit of 210302?
2
What is the hundred thousands digit of 3387848?
3
What is the thousands digit of 20121366?
1
What is the tens digit of 18000093?
9
What is the millions digit of 1605273?
1
What is the hundreds digit of 9648717?
7
What is the hundreds digit of 30943458?
4
What is the thousands digit of 3613326?
3
What is the hundreds digit of 1024210?
2
What is the hundred thousands digit of 4093711?
0
What is the hundreds digit of 27501?
5
What is the thousands digit of 19112?
9
What is the ten thousands digit of 443451?
4
What is the hundreds digit of 787471?
4
What is the hundreds digit of 15892476?
4
What is the thousands digit of 6612456?
2
What is the ten thousands digit of 711891?
1
What is the ten thousands digit of 552549?
5
What is the units digit of 2316737?
7
What is the hundreds digit of 271684?
6
What is the ten thousands digit of 161483?
6
What is the thousands digit of 292213?
2
What is the thousands digit of 48131?
8
What is the millions digit of 1235518?
1
What is the hundred thousands digit of 3277945?
2
What is the hundreds digit of 25644655?
6
What is the units digit of 315519?
9
What is the tens digit of 3343570?
7
What is the hundred thousands digit of 337989?
3
What is the tens digit of 13128763?
6
What is the hundred thousands digit of 3378456?
3
What is the tens digit of 8509767?
6
What is the thousands digit of 20212922?
2
What is the ten millions digit of 24104585?
2
What is the hundreds digit of 168378?
3
What is the units digit of 339574?
4
What is the units digit of 93628?
8
What is the hundred thousands digit of 216964?
2
What is the thousands digit of 2482227?
2
What is the thousands digit of 30508297?
8
What is the units digit of 233173?
3
What is the hundreds digit of 143086?
0
What is the millions digit of 2095845?
2
What is the hundreds digit of 4658533?
5
What is the tens digit of 18693237?
3
What is the tens digit of 550843?
4
What is the hundreds digit of 532986?
9
What is the hundred thousands digit of 860808?
8
What is the hundred thousands digit of 506168?
5
What is the tens digit of 81480?
8
What is the tens digit of 12142864?
6
What is the hundred thousands digit of 119995?
1
What is the hundred thousands digit of 198157?
1
What is the hundreds digit of 63404?
4
What is the millions digit of 18767121?
8
What is the thousands digit of 939937?
9
What is the hundreds digit of 28750?
7
What is the units digit of 1764296?
6
What is the tens digit of 409336?
3
What is the ten thousands digit of 2086952?
8
What is the units digit of 3956966?
6
What is the hundreds digit of 493787?
7
What is the units digit of 231195?
5
What is the hundreds digit of 1572440?
4
What is the millions digit of 1299945?
1
What is the hundred thousands digit of 202811?
2
What is the hundreds digit of 3200216?
2
What is the thousands digit of 410475?
0
What is the units digit of 49257?
7
What is the ten thousands digit of 606123?
0
What is the millions digit of 2322086?
2
What is the tens digit of 1106031?
3
What is the hundreds digit of 461623?
6
What is the tens digit of 244601?
0
What is the hundred thousands digit of 2194895?
1
What is the hundreds digit of 15473436?
4
What is the ten thousands digit of 127741?
2
What is the tens digit of 408106?
0
What is the tens digit of 27005084?
8
What is the millions digit of 11817438?
1
What is the units digit of 185303?
3
What is the hundreds digit of 3685698?
6
What is the thousands digit of 420462?
0
What is the hundreds digit of 1707644?
6
What is the thousands digit of 42139?
2
What is the tens digit of 14081559?
5
What is the units digit of 322320?
0
What is the thousands digit of 2774084?
4
What is the hundreds digit of 99847?
8
What is the ten thousands digit of 932847?
3
What is the units digit of 3686850?
0
What is the millions digit of 15708619?
5
What is the thousands digit of 144290?
4
What is the thousands digit of 670407?
0
What is the thousands digit of 36699770?
9
What is the hundreds digit of 224635?
6
What is the hundred thousands digit of 760717?
7
What is the hundred thousands digit of 1575915?
5
What is the units digit of 69418?
8
What is the thousands digit of 521580?
1
What is the units digit of 2126762?
2
What is the tens digit of 22650?
5
What is the units digit of 1585702?
2
What is the hundreds digit of 155484?
4
What is the hundred thousands digit of 3744007?
7
What is the ten thousands digit of 31643?
3
What is the hundred thousands digit of 155915?
1
What is the tens digit of 11864029?
2
What is the tens digit of 595488?
8
What is the ten thousands digit of 195622?
9
What is the units digit of 3735845?
5
What is the thousands digit of 36984456?
4
What is the ten thousands digit of 297939?
9
What is the hundreds digit of 387796?
7
What is the ten thousands digit of 3499041?
9
What is the units digit of 5286856?
6
What is the hundreds digit of 9064338?
3
What is the ten thousands digit of 39612104?
1
What is the ten thousands digit of 566961?
6
What is the ten thousands digit of 207901?
0
What is the hundreds digit of 557859?
8
What is the tens digit of 2936916?
1
What is the tens digit of 258417?
1
What is the thousands digit of 10170760?
0
What is the tens digit of 17502351?
5
What is the millions digit of 1545947?
1
What is the hundreds digit of 220021?
0
What is the tens digit of 19560000?
0
What is the hundreds digit of 621660?
6
What is the tens digit of 80879?
7
What is the ten millions digit of 12000829?
1
What is the ten thousands digit of 175239?
7
What is the tens digit of 1063283?
8
What is the thousands digit of 189839?
9
What is the hundreds digit of 36063?
0
What is the units digit of 39702?
2
What is the hundred thousands digit of 12476747?
4
What is the ten thousands digit of 769711?
6
What is the tens digit of 343918?
1
What is the ten thousands digit of 91889?
9
What is the units digit of 72384?
4
What is the thousands digit of 5471467?
1
What is the ten millions digit of 13713899?
1
What is the thousands digit of 8989944?
9
What is the millions digit of 5881592?
5
What is the thousands digit of 117049?
7
What is the ten thousands digit of 411813?
1
What is the hundreds digit of 5340945?
9
What is the ten thousands digit of 527768?
2
What is the units digit of 123633?
3
What is the hundreds digit of 13038684?
6
What is the units digit of 1166593?
3
What is the thousands digit of 7147334?
7
What is the tens digit of 10912341?
4
What is the thousands digit of 5750487?
0
What is the tens digit of 386556?
5
What is the tens digit of 